number?
True
Is 33947 composite?
True
Is 4063 a composite number?
True
Is 5317 a composite number?
True
Is 199 a prime number?
True
Is 900217 a composite number?
False
Is 5051 a composite number?
False
Is 49783 composite?
False
Is 17461 prime?
False
Is 37243 a composite number?
False
Is 592643 prime?
True
Is 5771 a composite number?
True
Is 2845 a composite number?
True
Is 112121 a prime number?
True
Is 24403 a composite number?
True
Is 47041 a prime number?
True
Is 8009 composite?
False
Is 26249 composite?
False
Is 7886 a prime number?
False
Is 73237 composite?
False
Is 98963 a prime number?
True
Is 159533 a composite number?
True
Is 17291 a composite number?
False
Is 100451 prime?
False
Is 20201 a prime number?
True
Is 152657 a composite number?
False
Is 670463 composite?
True
Is 1189871 composite?
False
Is 1159 prime?
False
Is 274543 a prime number?
False
Is 133381 composite?
True
Is 61813 a prime number?
True
Is 5759 a composite number?
True
Is 799 a composite number?
True
Is 549139 prime?
True
Is 20771 prime?
True
Is 11089 a prime number?
False
Is 564043 prime?
False
Is 207683 composite?
True
Is 151091 prime?
True
Is 5389 prime?
False
Is 8501 prime?
True
Is 1862659 composite?
False
Is 1151 composite?
False
Is 7039 composite?
False
Is 3677 composite?
False
Is 4677 a composite number?
True
Is 27443 a prime number?
False
Is 1633 prime?
False
Is 48731 a prime number?
True
Is 8419 a prime number?
True
Is 183746 composite?
True
Is 805633 a prime number?
True
Is 117485 prime?
False
Is 21685 prime?
False
Is 109589 composite?
False
Is 70631 composite?
True
Is 57073 a prime number?
True
Is 213881 composite?
False
Is 41863 composite?
False
Is 110119 composite?
False
Is 47735 a composite number?
True
Is 81059 composite?
True
Is 226307 a composite number?
False
Is 415157 prime?
False
Is 11617 composite?
False
Is 13471 composite?
True
Is 758011 composite?
True
Is 2867 prime?
False
Is 46381 a prime number?
True
Is 78479 prime?
True
Is 2881561 a prime number?
True
Is 274357 a composite number?
False
Is 156737 composite?
True
Is 205771 a composite number?
True
Is 5779 a composite number?
False
Is 82573 prime?
False
Is 32329 prime?
False
Is 62547 prime?
False
Is 4010371 prime?
True
Is 8977 composite?
True
Is 9897 a prime number?
False
Is 22921 composite?
False
Is 4535 prime?
False
Is 9527 a composite number?
True
Is 606449 a composite number?
False
Is 6609 a prime number?
False
Is 516907 prime?
True
Is 1543811 a composite number?
False
Is 103307 a composite number?
False
Is 226921 a composite number?
True
Is 445505 a composite number?
True
Is 31111 a composite number?
True
Is 724843 a prime number?
False
Is 17519 composite?
False
Is 7103 prime?
True
Is 694021 prime?
False
Is 757249 composite?
True
Is 31121 composite?
False
Is 31303 a composite number?
True
Is 150434 a prime number?
False
Is 13308305 prime?
False
Is 649039 a composite number?
False
Is 587 composite?
False
Is 41073 a prime number?
False
Is 66697 composite?
False
Is 14483 a prime number?
False
Is 184367 composite?
True
Is 49501 a composite number?
True
Is 36739 a prime number?
True
Is 23311 composite?
False
Is 9841 a prime number?
False
Is 63901 a composite number?
False
Is 16879 a prime number?
True
Is 1757 prime?
False
Is 1409 composite?
False
Is 104903 composite?
True
Is 163189 prime?
False
Is 113327 a composite number?
False
Is 433393 a prime number?
True
Is 78091 composite?
True
Is 86971 prime?
False
Is 1362677 composite?
True
Is 667 a composite number?
True
Is 33547 a prime number?
True
Is 24595 prime?
False
Is 128111 a composite number?
False
Is 3821 prime?
True
Is 731 prime?
False
Is 3264477 prime?
False
Is 43501 a composite number?
True
Is 29779 composite?
True
Is 10399 a prime number?
True
Is 202039 a composite number?
True
Is 5137 composite?
True
Is 178859 composite?
False
Is 465469 composite?
False
Is 87923 prime?
False
Is 143687 composite?
False
Is 880351 composite?
True
Is 69313 a composite number?
False
Is 342103 composite?
True
Is 419 a composite number?
False
Is 130991 prime?
False
Is 31303 a composite number?
True
Is 1363 prime?
False
Is 518255 prime?
False
Is 24343 prime?
False
Is 461393 composite?
False
Is 641243 prime?
False
Is 226907 prime?
True
Is 796683 a composite number?
True
Is 1327171 prime?
False
Is 6187 a prime number?
False
Is 35491 a composite number?
False
Is 5033 prime?
False
Is 114739 prime?
False
Is 244423 composite?
False
Is 136943 a prime number?
True
Is 391273 a composite number?
False
Is 22353 a composite number?
True
Is 6037 composite?
False
Is 667 composite?
True
Is 1255 prime?
False
Is 24329 prime?
True
Is 161547 composite?
True
Is 19841 a prime number?
True
Is 316473 a prime number?
False
Is 381791 a composite number?
False
Is 7721 a prime number?
False
Is 6299 a composite number?
False
Is 6599 prime?
True
Is 447 composite?
True
Is 603739 a prime number?
True
Is 1009117 composite?
True
Is 155593 a prime number?
True
Is 1224967 a composite number?
False
Is 23843 composite?
True
Is 43489 composite?
True
Is 10037 composite?
False
Is 745817 composite?
False
Is 505387 a composite number?
True
Is 4391 prime?
True
Is 24239 a composite number?
False
Is 5189 a composite number?
False
Is 15161 a composite number?
False
Is 13057 composite?
True
Is 63197 composite?
False
Is 10897 prime?
False
Is 64151 a prime number?
True
Is 14513 a composite number?
True
Is 4897 a composite number?
True
Is 296843 composite?
False
Is 8707 composite?
False
Is 38495 a composite number?
True
Is 31687 a composite number?
False
Is 219005 prime?
False
Is 693317 composite?
False
Is 9509 a prime number?
False
Is 2039 composite?
False
Is 254911 a composite number?
False
Is 114883 prime?
True
Is 751 a composite number?
False
Is 6469 a prime number?
True
Is 17257 a prime number?
True
Is 96631 composite?
True
Is 3299 a prime number?
True
Is 38039 a prime number?
True
Is 18509 a composite number?
True
Is 20441 a composite number?
False
Is 8929 composite?
False
Is 11197 a composite number?
False
Is 563 a composite number?
False
Is 82543 a composite number?
True
Is 57329 prime?
True
Is 10831 prime?
True
Is 18838 prime?
False
Is 303139 a prime number?
True
Is 68831 a composite number?
True
Is 1397 prime?
False
Is 187771 a composite number?
True
Is 221041 a prime number?
False
Is 62459 a composite number?
False
Is 4559 a composite number?
True
Is 53981 composite?
True
Is 4834 a prime number?
False
Is 99839 composite?
False
Is 24789 prime?
False
Is 6584647 a composite number?
True
Is 43441 a composite number?
False
Is 563 composite?
False
Is 51583 composite?
True
Is 92339 a composite number?
True
Is 372823 prime?
False
Is 4109 composite?
True
Is 14354 a composite number?
True
Is 36251 a prime number?
True
Is 14029 a prime number?
True
Is 4507 composite?
False
Is 2179 prime?
True
Is 17957 a prime number?
True
Is 203707 a composite number?
True
Is 124793 a composite number?
False
Is 8819 composite?
False
Is 221893 a prime number?
False
Is 130499 prime?
False
Is 33563 prime?
True
Is 521 a prime number?
True
Is 1094559 a prime number?
False
Is 245909 a composite number?
False
Is 326219 prime?
True
Is 37459 a prime number?
False
Is 111713 a prime number?
False
Is 274373 composite?
True
Is 81599 a composite number?
True
Is 301666 composite?
True
Is 9163699 a prime number?
True
Is 9229 a prime number?
False
Is 200435 a composite number?
True
Is 3946 a prime number?
False
Is 20021 a composite number?
False
Is 22051 a prime number?
True
Is 631723 prime?
True
Is 27151 prime?
False
Is 32719 composite?
False
Is 4297 a composite number?
False
Is 30341 a prime number?
True
Is 34647 composite?
True
Is 591377 a prime number?
True
Is 71729 a composite number?
True
Is 85021 prime?
True
Is 2302 a composite number?
True
Is 1361 a prime number?
True
Is 44017 a composite number?
False
Is 389977 a composite number?
True
Is 797 composite?
False
Is 69295 prime?
False
Is 15389 a prime number?
False
Is 121333 a composite number?
False
Is 1101 prime?
False
Is 5519 a composite number?
False
Is 639569 composite?
True
Is 2333 a prime number?
True
Is 60589 composite?
False
Is 51049 a prime number?
False
Is 32633 a composite number?
False
Is 54903 composite?
True
Is 85229 prime?
True
Is 2029 a composite number?
False
Is 21